{"id":685,"date":"2020-07-12T00:35:04","date_gmt":"2020-07-12T03:35:04","guid":{"rendered":"http:\/\/138.197.217.192\/?page_id=685"},"modified":"2021-08-23T10:54:32","modified_gmt":"2021-08-23T13:54:32","slug":"que-sabes-de-lobesia","status":"publish","type":"page","link":"https:\/\/feromonasanasac.cl\/index.php\/que-sabes-de-lobesia\/","title":{"rendered":"\u00bfQu\u00e9 sabes de Lobesia?"},"content":{"rendered":"<p>[vc_row][vc_column][vc_tta_tour style=&#8221;modern&#8221; shape=&#8221;round&#8221; color=&#8221;sky&#8221; active_section=&#8221;1&#8243; no_fill_content_area=&#8221;true&#8221;][vc_tta_section title=&#8221;Antecedentes generales&#8221; tab_id=&#8221;1594701930516-38c624ef-8734&#8243;][nur_section_heading decoration=&#8221;line&#8221;]<\/p>\n<h2 style=\"text-align: center;\"><strong>Lobesia<\/strong><\/h2>\n<p>[\/nur_section_heading][vc_column_text]<i>Lobesia<\/i> <i>botrana<\/i> (Lepidoptera, Tortricidae), es una plaga de origen europeo o eventualmente de Asia menor.\u00a0En Chile, su primera detecci\u00f3n ocurri\u00f3 en el a\u00f1o 2008, sobre vides vin\u00edferas de la zona de Linderos, Regi\u00f3n Metropolitana.<\/p>\n<p>Bajo las condiciones de Chile,\u00a0<i>Lobesia<\/i> <i>botrana<\/i>\u00a0cumple 3 generaciones por temporada.<\/p>\n<p>La larva genera un da\u00f1o directo al alimentarse. La primera generaci\u00f3n se alimenta de flores (ant\u00f3faga), la segunda y tercera lo hacen de la fruta (carp\u00f3fagas).<\/p>\n<p>Los vuelos ocurren desde septiembre hasta abril.[\/vc_column_text][vc_single_image image=&#8221;724&#8243; img_size=&#8221;full&#8221; alignment=&#8221;center&#8221;][\/vc_tta_section][vc_tta_section title=&#8221;Biolog\u00eda de la plaga&#8221; tab_id=&#8221;1594702386966-9a9b7cb8-1cfc&#8221;][nur_section_heading decoration=&#8221;line&#8221;]<\/p>\n<h3 style=\"text-align: center;\"><b>Ciclo <\/b><b>de <\/b><b><i>Lobesia<\/i><\/b> <b><i>botrana<\/i><\/b><\/h3>\n<p>[\/nur_section_heading][vc_single_image image=&#8221;707&#8243; img_size=&#8221;full&#8221; alignment=&#8221;center&#8221;][\/vc_tta_section][vc_tta_section title=&#8221;Problema&#8221; tab_id=&#8221;1594701930516-e2d72ec0-f1dd&#8221;][nur_section_heading decoration=&#8221;line&#8221;]<\/p>\n<h2 style=\"text-align: center;\"><strong>Problema<\/strong><\/h2>\n<p>[\/nur_section_heading][vc_column_text]Lobesia se encuentra bajo control oficial SAG en vides entre las regiones de Atacama y La Araucan\u00eda; en ar\u00e1ndanos en las regiones Metropolitana, O\u2019Higgins, Maule, \u00d1uble y B\u00edo-B\u00edo; en ciruelos en las regiones Metropolitana, O\u2019Higgins y Maule.<\/p>\n<p>Es una plaga cuarentenaria para diversos mercados de exportaci\u00f3n, siendo responsable de casi 50.000 cajas rechazadas durante la temporada 2018-2019 (vides y ciruelas).[\/vc_column_text][vc_single_image image=&#8221;1045&#8243; img_size=&#8221;large&#8221; alignment=&#8221;center&#8221;][vc_column_text]El programa de control oficial de <i>Lobesia<\/i> <i>botrana<\/i><i>\u00a0<\/i>del SAG, considera estrategias de supresi\u00f3n , contenci\u00f3n y erradicaci\u00f3n, mediante la implementaci\u00f3n de manejo integrado de plagas (MIP).<\/p>\n<p>Entre las medidas esenciales para el control de esta plaga se encuentra:<\/p>\n<p><img loading=\"lazy\" class=\"alignnone wp-image-897 \" src=\"https:\/\/i2.wp.com\/138.197.217.192\/wp-content\/uploads\/2020\/07\/comprobado-150x150.png?resize=23%2C23\" alt=\"\" width=\"23\" height=\"23\" srcset=\"https:\/\/i2.wp.com\/feromonasanasac.cl\/wp-content\/uploads\/2020\/07\/comprobado.png?resize=150%2C150&amp;ssl=1 150w, https:\/\/i2.wp.com\/feromonasanasac.cl\/wp-content\/uploads\/2020\/07\/comprobado.png?resize=300%2C300&amp;ssl=1 300w, https:\/\/i2.wp.com\/feromonasanasac.cl\/wp-content\/uploads\/2020\/07\/comprobado.png?resize=90%2C90&amp;ssl=1 90w, https:\/\/i2.wp.com\/feromonasanasac.cl\/wp-content\/uploads\/2020\/07\/comprobado.png?resize=133%2C133&amp;ssl=1 133w, https:\/\/i2.wp.com\/feromonasanasac.cl\/wp-content\/uploads\/2020\/07\/comprobado.png?resize=235%2C235&amp;ssl=1 235w, https:\/\/i2.wp.com\/feromonasanasac.cl\/wp-content\/uploads\/2020\/07\/comprobado.png?resize=480%2C480&amp;ssl=1 480w, https:\/\/i2.wp.com\/feromonasanasac.cl\/wp-content\/uploads\/2020\/07\/comprobado.png?resize=100%2C100&amp;ssl=1 100w, https:\/\/i2.wp.com\/feromonasanasac.cl\/wp-content\/uploads\/2020\/07\/comprobado.png?w=512&amp;ssl=1 512w\" sizes=\"(max-width: 23px) 100vw, 23px\" data-recalc-dims=\"1\" \/>\u00a0 El control en los predios.<\/p>\n<p><img loading=\"lazy\" class=\"alignnone wp-image-897 \" src=\"https:\/\/i2.wp.com\/138.197.217.192\/wp-content\/uploads\/2020\/07\/comprobado-150x150.png?resize=23%2C23\" alt=\"\" width=\"23\" height=\"23\" srcset=\"https:\/\/i2.wp.com\/feromonasanasac.cl\/wp-content\/uploads\/2020\/07\/comprobado.png?resize=150%2C150&amp;ssl=1 150w, https:\/\/i2.wp.com\/feromonasanasac.cl\/wp-content\/uploads\/2020\/07\/comprobado.png?resize=300%2C300&amp;ssl=1 300w, https:\/\/i2.wp.com\/feromonasanasac.cl\/wp-content\/uploads\/2020\/07\/comprobado.png?resize=90%2C90&amp;ssl=1 90w, https:\/\/i2.wp.com\/feromonasanasac.cl\/wp-content\/uploads\/2020\/07\/comprobado.png?resize=133%2C133&amp;ssl=1 133w, https:\/\/i2.wp.com\/feromonasanasac.cl\/wp-content\/uploads\/2020\/07\/comprobado.png?resize=235%2C235&amp;ssl=1 235w, https:\/\/i2.wp.com\/feromonasanasac.cl\/wp-content\/uploads\/2020\/07\/comprobado.png?resize=480%2C480&amp;ssl=1 480w, https:\/\/i2.wp.com\/feromonasanasac.cl\/wp-content\/uploads\/2020\/07\/comprobado.png?resize=100%2C100&amp;ssl=1 100w, https:\/\/i2.wp.com\/feromonasanasac.cl\/wp-content\/uploads\/2020\/07\/comprobado.png?w=512&amp;ssl=1 512w\" sizes=\"(max-width: 23px) 100vw, 23px\" data-recalc-dims=\"1\" \/>\u00a0 La vigilancia de la plaga con trampas de feromonas.<\/p>\n<p><img loading=\"lazy\" class=\"alignnone wp-image-897 \" src=\"https:\/\/i2.wp.com\/138.197.217.192\/wp-content\/uploads\/2020\/07\/comprobado-150x150.png?resize=23%2C23\" alt=\"\" width=\"23\" height=\"23\" srcset=\"https:\/\/i2.wp.com\/feromonasanasac.cl\/wp-content\/uploads\/2020\/07\/comprobado.png?resize=150%2C150&amp;ssl=1 150w, https:\/\/i2.wp.com\/feromonasanasac.cl\/wp-content\/uploads\/2020\/07\/comprobado.png?resize=300%2C300&amp;ssl=1 300w, https:\/\/i2.wp.com\/feromonasanasac.cl\/wp-content\/uploads\/2020\/07\/comprobado.png?resize=90%2C90&amp;ssl=1 90w, https:\/\/i2.wp.com\/feromonasanasac.cl\/wp-content\/uploads\/2020\/07\/comprobado.png?resize=133%2C133&amp;ssl=1 133w, https:\/\/i2.wp.com\/feromonasanasac.cl\/wp-content\/uploads\/2020\/07\/comprobado.png?resize=235%2C235&amp;ssl=1 235w, https:\/\/i2.wp.com\/feromonasanasac.cl\/wp-content\/uploads\/2020\/07\/comprobado.png?resize=480%2C480&amp;ssl=1 480w, https:\/\/i2.wp.com\/feromonasanasac.cl\/wp-content\/uploads\/2020\/07\/comprobado.png?resize=100%2C100&amp;ssl=1 100w, https:\/\/i2.wp.com\/feromonasanasac.cl\/wp-content\/uploads\/2020\/07\/comprobado.png?w=512&amp;ssl=1 512w\" sizes=\"(max-width: 23px) 100vw, 23px\" data-recalc-dims=\"1\" \/>\u00a0 El control en zonas urbanas.<\/p>\n<p><img loading=\"lazy\" class=\"alignnone wp-image-897 \" src=\"https:\/\/i2.wp.com\/138.197.217.192\/wp-content\/uploads\/2020\/07\/comprobado-150x150.png?resize=23%2C23\" alt=\"\" width=\"23\" height=\"23\" srcset=\"https:\/\/i2.wp.com\/feromonasanasac.cl\/wp-content\/uploads\/2020\/07\/comprobado.png?resize=150%2C150&amp;ssl=1 150w, https:\/\/i2.wp.com\/feromonasanasac.cl\/wp-content\/uploads\/2020\/07\/comprobado.png?resize=300%2C300&amp;ssl=1 300w, https:\/\/i2.wp.com\/feromonasanasac.cl\/wp-content\/uploads\/2020\/07\/comprobado.png?resize=90%2C90&amp;ssl=1 90w, https:\/\/i2.wp.com\/feromonasanasac.cl\/wp-content\/uploads\/2020\/07\/comprobado.png?resize=133%2C133&amp;ssl=1 133w, https:\/\/i2.wp.com\/feromonasanasac.cl\/wp-content\/uploads\/2020\/07\/comprobado.png?resize=235%2C235&amp;ssl=1 235w, https:\/\/i2.wp.com\/feromonasanasac.cl\/wp-content\/uploads\/2020\/07\/comprobado.png?resize=480%2C480&amp;ssl=1 480w, https:\/\/i2.wp.com\/feromonasanasac.cl\/wp-content\/uploads\/2020\/07\/comprobado.png?resize=100%2C100&amp;ssl=1 100w, https:\/\/i2.wp.com\/feromonasanasac.cl\/wp-content\/uploads\/2020\/07\/comprobado.png?w=512&amp;ssl=1 512w\" sizes=\"(max-width: 23px) 100vw, 23px\" data-recalc-dims=\"1\" \/>\u00a0 La fiscalizaci\u00f3n de las medidas de control y cuarentena interna.<\/p>\n<p>&nbsp;<\/p>\n<p>En el control predial se considera la disponibilidad de emisores de confusi\u00f3n sexual (ECS) por parte del SAG para cubrir alrededor de 33.000 hect\u00e1reas (ha) productivas en las \u00e1reas de control, priorizando las de vid.<\/p>\n<p>La superficie podr\u00e1 llegar a 101.542 ha (2020-2021) con bonificaciones del SAG y la participaci\u00f3n del sector privado en modalidad compartida de acuerdo con la superficie de cada productor.[\/vc_column_text][vc_column_text]<strong>Esquema de bonificaci\u00f3n de emisores del SAG<\/strong><\/p>\n<p><em><strong>Distribuci\u00f3n emisores programa compartido SAG, temporada 2020-2021<\/strong><\/em><\/p>\n<p>&nbsp;<\/p>\n<p><strong>Ar\u00e1ndanos, ciruelo europeo y uva de mesa:<\/strong>[\/vc_column_text][vc_raw_html]JTNDc3R5bGUlMjB0eXBlJTNEJTIydGV4dCUyRmNzcyUyMiUzRSUwQS50ZnRhYmxlJTIwJTdCZm9udC1zaXplJTNBMTJweCUzQmNvbG9yJTNBJTIzMDgwODA4JTNCd2lkdGglM0ExMDAlMjUlM0Jib3JkZXItd2lkdGglM0ElMjAxcHglM0Jib3JkZXItY29sb3IlM0ElMjAlMjNjN2YwZWIlM0Jib3JkZXItY29sbGFwc2UlM0ElMjBjb2xsYXBzZSUzQiU3RCUwQS50ZnRhYmxlJTIwdGglMjAlN0Jmb250LXNpemUlM0ExMnB4JTNCY29sb3IlM0ElMjNmZmZmZmYlM0JiYWNrZ3JvdW5kLWNvbG9yJTNBJTIzMDA2ZGIzJTNCYm9yZGVyLXdpZHRoJTNBJTIwMXB4JTNCcGFkZGluZyUzQSUyMDhweCUzQmJvcmRlci1zdHlsZSUzQSUyMHNvbGlkJTNCYm9yZGVyLWNvbG9yJTNBJTIwJTIzMDA2ZGIzJTNCdGV4dC1hbGlnbiUzQWNlbnRlciUzQiU3RCUwQS50ZnRhYmxlJTIwdHIlMjAlN0JiYWNrZ3JvdW5kLWNvbG9yJTNBJTIzYzdmMGViJTNCJTdEJTBBLnRmdGFibGUlMjB0ZCUyMCU3QmZvbnQtc2l6ZSUzQTEycHglM0Jib3JkZXItd2lkdGglM0ElMjAxcHglM0JwYWRkaW5nJTNBJTIwOHB4JTNCYm9yZGVyLXN0eWxlJTNBJTIwc29saWQlM0Jib3JkZXItY29sb3IlM0ElMjAlMjMwMDZkYjMlM0IlN0QlMEEudGZ0YWJsZSUyMHRyJTNBaG92ZXIlMjAlN0JiYWNrZ3JvdW5kLWNvbG9yJTNBJTIzZmZmZmZmJTNCJTdEJTBBJTNDJTJGc3R5bGUlM0UlMEElMEElM0N0YWJsZSUyMGNsYXNzJTNEJTIydGZ0YWJsZSUyMiUyMGJvcmRlciUzRCUyMjElMjIlM0UlMEElM0N0Ym9keSUzRSUwQSUzQ3RyJTNFJTBBJTNDdGglM0VSYW5nbyUyMFN1cGVyZmljaWUlM0MlMkZ0aCUzRSUwQSUzQ3RoJTNFQXBvcnRlJTIwU2FnJTNDJTJGdGglM0UlMEElM0N0aCUzRUFkcXVpc2ljaSVDMyVCM24lMjBwcm9kdWN0b3IlM0MlMkZ0aCUzRSUwQSUzQyUyRnRyJTNFJTBBJTNDdHIlM0UlMEElM0N0ZCUyMHN0eWxlJTNEJTIydGV4dC1hbGlnbiUzQSUyMGNlbnRlciUzQiUyMiUzRU1lbm9yJTIwbyUyMGlndWFsJTIwYSUyMDUlMjBoYSUwQSUzQyUyRnRkJTNFJTBBJTNDdGQlMjBzdHlsZSUzRCUyMnRleHQtYWxpZ24lM0ElMjBjZW50ZXIlM0IlMjIlM0UxMDAlMjUlM0MlMkZ0ZCUzRSUwQSUzQ3RkJTIwc3R5bGUlM0QlMjJ0ZXh0LWFsaWduJTNBJTIwY2VudGVyJTNCJTIyJTNFMCUyNSUzQyUyRnRkJTNFJTBBJTNDJTJGdHIlM0UlMEElM0N0ciUzRSUwQSUzQ3RkJTIwc3R5bGUlM0QlMjJ0ZXh0LWFsaWduJTNBJTIwY2VudGVyJTNCJTIyJTNFJTNFNSUyMGElMjAlM0MlM0QlMjAxMiUyMGhhJTBBJTNDJTJGdGQlM0UlMEElM0N0ZCUyMHN0eWxlJTNEJTIydGV4dC1hbGlnbiUzQSUyMGNlbnRlciUzQiUyMiUzRTQwJTI1JTNDJTJGdGQlM0UlMEElM0N0ZCUyMHN0eWxlJTNEJTIydGV4dC1hbGlnbiUzQSUyMGNlbnRlciUzQiUyMiUzRTYwJTI1JTNDJTJGdGQlM0UlMEElM0MlMkZ0ciUzRSUwQSUzQ3RyJTNFJTBBJTNDdGQlMjBzdHlsZSUzRCUyMnRleHQtYWxpZ24lM0ElMjBjZW50ZXIlM0IlMjIlM0UlM0UxMiUyMGElMjAlM0MlM0QlMjAyNCUyMGhhJTBBJTNDJTJGdGQlM0UlMEElM0N0ZCUyMHN0eWxlJTNEJTIydGV4dC1hbGlnbiUzQSUyMGNlbnRlciUzQiUyMiUzRTMwJTI1JTNDJTJGdGQlM0UlMEElM0N0ZCUyMHN0eWxlJTNEJTIydGV4dC1hbGlnbiUzQSUyMGNlbnRlciUzQiUyMiUzRTcwJTI1JTNDJTJGdGQlM0UlMEElM0MlMkZ0ciUzRSUwQSUzQ3RyJTNFJTBBJTNDdGQlMjBzdHlsZSUzRCUyMnRleHQtYWxpZ24lM0ElMjBjZW50ZXIlM0IlMjIlM0VtYXlvciUyMGElMjAyNCUyMGhhJTNDJTJGdGQlM0UlMEElM0N0ZCUyMHN0eWxlJTNEJTIydGV4dC1hbGlnbiUzQSUyMGNlbnRlciUzQiUyMiUzRTIwJTI1JTNDJTJGdGQlM0UlMEElM0N0ZCUyMHN0eWxlJTNEJTIydGV4dC1hbGlnbiUzQSUyMGNlbnRlciUzQiUyMiUzRTgwJTI1JTNDJTJGdGQlM0UlMEElM0MlMkZ0ciUzRSUwQSUwQSUzQyUyRnRib2R5JTNFJTBBJTNDJTJGdGFibGUlM0UlMEE=[\/vc_raw_html][vc_column_text css=&#8221;.vc_custom_1595556708132{margin-bottom: 20px !important;}&#8221;]<strong>Uva vin\u00edfera:<\/strong>[\/vc_column_text][vc_raw_html]JTNDc3R5bGUlMjB0eXBlJTNEJTIydGV4dCUyRmNzcyUyMiUzRSUwQS50ZnRhYmxlJTIwJTdCZm9udC1zaXplJTNBMTJweCUzQmNvbG9yJTNBJTIzMDgwODA4JTNCd2lkdGglM0ExMDAlMjUlM0Jib3JkZXItd2lkdGglM0ElMjAxcHglM0Jib3JkZXItY29sb3IlM0ElMjAlMjNjN2YwZWIlM0Jib3JkZXItY29sbGFwc2UlM0ElMjBjb2xsYXBzZSUzQiU3RCUwQS50ZnRhYmxlJTIwdGglMjAlN0Jmb250LXNpemUlM0ExMnB4JTNCY29sb3IlM0ElMjNmZmZmZmYlM0JiYWNrZ3JvdW5kLWNvbG9yJTNBJTIzMDA2ZGIzJTNCYm9yZGVyLXdpZHRoJTNBJTIwMXB4JTNCcGFkZGluZyUzQSUyMDhweCUzQmJvcmRlci1zdHlsZSUzQSUyMHNvbGlkJTNCYm9yZGVyLWNvbG9yJTNBJTIwJTIzMDA2ZGIzJTNCdGV4dC1hbGlnbiUzQWNlbnRlciUzQiU3RCUwQS50ZnRhYmxlJTIwdHIlMjAlN0JiYWNrZ3JvdW5kLWNvbG9yJTNBJTIzYzdmMGViJTNCJTdEJTBBLnRmdGFibGUlMjB0ZCUyMCU3QmZvbnQtc2l6ZSUzQTEycHglM0Jib3JkZXItd2lkdGglM0ElMjAxcHglM0JwYWRkaW5nJTNBJTIwOHB4JTNCYm9yZGVyLXN0eWxlJTNBJTIwc29saWQlM0Jib3JkZXItY29sb3IlM0ElMjAlMjMwMDZkYjMlM0IlN0QlMEEudGZ0YWJsZSUyMHRyJTNBaG92ZXIlMjAlN0JiYWNrZ3JvdW5kLWNvbG9yJTNBJTIzZmZmZmZmJTNCJTdEJTBBJTNDJTJGc3R5bGUlM0UlMEElMEElM0N0YWJsZSUyMGNsYXNzJTNEJTIydGZ0YWJsZSUyMiUyMGJvcmRlciUzRCUyMjElMjIlM0UlMEElM0N0Ym9keSUzRSUwQSUzQ3RyJTNFJTBBJTNDdGglM0VSYW5nbyUyMFN1cGVyZmljaWUlM0MlMkZ0aCUzRSUwQSUzQ3RoJTNFQXBvcnRlJTIwU2FnJTNDJTJGdGglM0UlMEElM0N0aCUzRUFkcXVpc2ljaSVDMyVCM24lMjBwcm9kdWN0b3IlM0MlMkZ0aCUzRSUwQSUzQyUyRnRyJTNFJTBBJTNDdHIlM0UlMEElM0N0ZCUyMHN0eWxlJTNEJTIydGV4dC1hbGlnbiUzQSUyMGNlbnRlciUzQiUyMiUzRU1lbm9yJTIwbyUyMGlndWFsJTIwYSUyMDE1JTIwaGElMEElM0MlMkZ0ZCUzRSUwQSUzQ3RkJTIwc3R5bGUlM0QlMjJ0ZXh0LWFsaWduJTNBJTIwY2VudGVyJTNCJTIyJTNFMTAwJTI1JTNDJTJGdGQlM0UlMEElM0N0ZCUyMHN0eWxlJTNEJTIydGV4dC1hbGlnbiUzQSUyMGNlbnRlciUzQiUyMiUzRTAlMjUlM0MlMkZ0ZCUzRSUwQSUzQyUyRnRyJTNFJTBBJTNDdHIlM0UlMEElM0N0ZCUyMHN0eWxlJTNEJTIydGV4dC1hbGlnbiUzQSUyMGNlbnRlciUzQiUyMiUzRTE1JTIwYSUyMCUzQyUzRCUyMDI0JTIwaGElMEElM0MlMkZ0ZCUzRSUwQSUzQ3RkJTIwc3R5bGUlM0QlMjJ0ZXh0LWFsaWduJTNBJTIwY2VudGVyJTNCJTIyJTNFNDAlMjUlM0MlMkZ0ZCUzRSUwQSUzQ3RkJTIwc3R5bGUlM0QlMjJ0ZXh0LWFsaWduJTNBJTIwY2VudGVyJTNCJTIyJTNFNjAlMjUlM0MlMkZ0ZCUzRSUwQSUzQyUyRnRyJTNFJTBBJTNDdHIlM0UlMEElM0N0ZCUyMHN0eWxlJTNEJTIydGV4dC1hbGlnbiUzQSUyMGNlbnRlciUzQiUyMiUzRSUzRTI0JTIwYSUyMCUzQyUzRCUyMDUwJTIwaGElMEElMjAlM0MlMkZ0ZCUzRSUwQSUzQ3RkJTIwc3R5bGUlM0QlMjJ0ZXh0LWFsaWduJTNBJTIwY2VudGVyJTNCJTIyJTNFMzUlMjUlM0MlMkZ0ZCUzRSUwQSUzQ3RkJTIwc3R5bGUlM0QlMjJ0ZXh0LWFsaWduJTNBJTIwY2VudGVyJTNCJTIyJTNFNjUlMjUlM0MlMkZ0ZCUzRSUwQSUzQyUyRnRyJTNFJTBBJTNDdHIlM0UlMEElM0N0ZCUyMHN0eWxlJTNEJTIydGV4dC1hbGlnbiUzQSUyMGNlbnRlciUzQiUyMiUzRW1heW9yJTIwYSUyMDUwJTIwaGElM0MlMkZ0ZCUzRSUwQSUzQ3RkJTIwc3R5bGUlM0QlMjJ0ZXh0LWFsaWduJTNBJTIwY2VudGVyJTNCJTIyJTNFMjUlMjUlM0MlMkZ0ZCUzRSUwQSUzQ3RkJTIwc3R5bGUlM0QlMjJ0ZXh0LWFsaWduJTNBJTIwY2VudGVyJTNCJTIyJTNFNzUlMjUlM0MlMkZ0ZCUzRSUwQSUzQyUyRnRyJTNFJTBBJTBBJTNDJTJGdGJvZHklM0UlMEElM0MlMkZ0YWJsZSUzRSUwQQ==[\/vc_raw_html][vc_column_text]<strong>Para revisar informaci\u00f3n sobre el Programa Nacional de <em>Lobesia botrana<\/em> del SAG haga click en este<a href=\"http:\/\/www.sag.cl\/ambitos-de-accion\/lobesia-botrana-o-polilla-del-racimo-de-la-vid\" target=\"_blank\" rel=\"noopener noreferrer\"> link<\/a><\/strong><\/p>\n<p><strong>Descargue aqu\u00ed <a href=\"https:\/\/www.sag.gob.cl\/sites\/default\/files\/comunicado_cs_2021.pdf\">Estrategia Programa Nacional <i>Lobesia<\/i><i>botrana<\/i><i> &#8211; <\/i>Temporada 2021-2022<\/a><\/strong>[\/vc_column_text][\/vc_tta_section][\/vc_tta_tour][\/vc_column][\/vc_row]<\/p>\n","protected":false},"excerpt":{"rendered":"<p>[vc_row][vc_column][vc_tta_tour style=&#8221;modern&#8221; shape=&#8221;round&#8221; color=&#8221;sky&#8221; active_section=&#8221;1&#8243; no_fill_content_area=&#8221;true&#8221;][vc_tta_section title=&#8221;Antecedentes generales&#8221; tab_id=&#8221;1594701930516-38c624ef-8734&#8243;][nur_section_heading decoration=&#8221;line&#8221;] Lobesia [\/nur_section_heading][vc_column_text]Lobesia botrana (Lepidoptera, Tortricidae), es una plaga de origen europeo o eventualmente de Asia menor.\u00a0En Chile, su primera detecci\u00f3n ocurri\u00f3 en el a\u00f1o 2008, sobre vides vin\u00edferas de la zona de Linderos, Regi\u00f3n Metropolitana. Bajo las condiciones de Chile,\u00a0Lobesia botrana\u00a0cumple 3 generaciones por temporada. [&hellip;]<\/p>\n","protected":false},"author":1,"featured_media":0,"parent":0,"menu_order":0,"comment_status":"closed","ping_status":"closed","template":"","meta":{"spay_email":""},"yoast_head":"<!-- This site is optimized with the Yoast SEO plugin v14.9 - https:\/\/yoast.com\/wordpress\/plugins\/seo\/ -->\n<title>\u00bfQu\u00e9 sabes de Lobesia? | Feromonas ANASAC<\/title>\n<meta name=\"description\" content=\"Lobesia botrana (Lepidoptera, Tortricidae), es una plaga de origen europeo o eventualmente de Asia menor. En Chile, su detecci\u00f3n ocurri\u00f3 en el a\u00f1o 2008.\" \/>\n<meta name=\"robots\" content=\"index, follow, max-snippet:-1, max-image-preview:large, max-video-preview:-1\" \/>\n<link rel=\"canonical\" href=\"https:\/\/feromonasanasac.cl\/index.php\/que-sabes-de-lobesia\/\" \/>\n<meta property=\"og:locale\" content=\"es_ES\" \/>\n<meta property=\"og:type\" content=\"article\" \/>\n<meta property=\"og:title\" content=\"\u00bfQu\u00e9 sabes de Lobesia? | Feromonas ANASAC\" \/>\n<meta property=\"og:description\" content=\"Lobesia botrana (Lepidoptera, Tortricidae), es una plaga de origen europeo o eventualmente de Asia menor. En Chile, su detecci\u00f3n ocurri\u00f3 en el a\u00f1o 2008.\" \/>\n<meta property=\"og:url\" content=\"https:\/\/feromonasanasac.cl\/index.php\/que-sabes-de-lobesia\/\" \/>\n<meta property=\"og:site_name\" content=\"Feromonas ANASAC\" \/>\n<meta property=\"article:modified_time\" content=\"2021-08-23T13:54:32+00:00\" \/>\n<meta property=\"og:image\" content=\"http:\/\/138.197.217.192\/wp-content\/uploads\/2020\/07\/comprobado-150x150.png\" \/>\n<meta name=\"twitter:card\" content=\"summary_large_image\" \/>\n<script type=\"application\/ld+json\" class=\"yoast-schema-graph\">{\"@context\":\"https:\/\/schema.org\",\"@graph\":[{\"@type\":\"WebSite\",\"@id\":\"https:\/\/feromonasanasac.cl\/#website\",\"url\":\"https:\/\/feromonasanasac.cl\/\",\"name\":\"Feromonas ANASAC\",\"description\":\"Feromonas ANASAC\",\"potentialAction\":[{\"@type\":\"SearchAction\",\"target\":\"https:\/\/feromonasanasac.cl\/?s={search_term_string}\",\"query-input\":\"required name=search_term_string\"}],\"inLanguage\":\"es-CL\"},{\"@type\":\"ImageObject\",\"@id\":\"https:\/\/feromonasanasac.cl\/index.php\/que-sabes-de-lobesia\/#primaryimage\",\"inLanguage\":\"es-CL\",\"url\":\"http:\/\/138.197.217.192\/wp-content\/uploads\/2020\/07\/comprobado-150x150.png\"},{\"@type\":\"WebPage\",\"@id\":\"https:\/\/feromonasanasac.cl\/index.php\/que-sabes-de-lobesia\/#webpage\",\"url\":\"https:\/\/feromonasanasac.cl\/index.php\/que-sabes-de-lobesia\/\",\"name\":\"\\u00bfQu\\u00e9 sabes de Lobesia? | Feromonas ANASAC\",\"isPartOf\":{\"@id\":\"https:\/\/feromonasanasac.cl\/#website\"},\"primaryImageOfPage\":{\"@id\":\"https:\/\/feromonasanasac.cl\/index.php\/que-sabes-de-lobesia\/#primaryimage\"},\"datePublished\":\"2020-07-12T03:35:04+00:00\",\"dateModified\":\"2021-08-23T13:54:32+00:00\",\"description\":\"Lobesia botrana (Lepidoptera, Tortricidae), es una plaga de origen europeo o eventualmente de Asia menor. En Chile, su detecci\\u00f3n ocurri\\u00f3 en el a\\u00f1o 2008.\",\"inLanguage\":\"es-CL\",\"potentialAction\":[{\"@type\":\"ReadAction\",\"target\":[\"https:\/\/feromonasanasac.cl\/index.php\/que-sabes-de-lobesia\/\"]}]}]}<\/script>\n<!-- \/ Yoast SEO plugin. -->","_links":{"self":[{"href":"https:\/\/feromonasanasac.cl\/index.php\/wp-json\/wp\/v2\/pages\/685"}],"collection":[{"href":"https:\/\/feromonasanasac.cl\/index.php\/wp-json\/wp\/v2\/pages"}],"about":[{"href":"https:\/\/feromonasanasac.cl\/index.php\/wp-json\/wp\/v2\/types\/page"}],"author":[{"embeddable":true,"href":"https:\/\/feromonasanasac.cl\/index.php\/wp-json\/wp\/v2\/users\/1"}],"replies":[{"embeddable":true,"href":"https:\/\/feromonasanasac.cl\/index.php\/wp-json\/wp\/v2\/comments?post=685"}],"version-history":[{"count":39,"href":"https:\/\/feromonasanasac.cl\/index.php\/wp-json\/wp\/v2\/pages\/685\/revisions"}],"predecessor-version":[{"id":1183,"href":"https:\/\/feromonasanasac.cl\/index.php\/wp-json\/wp\/v2\/pages\/685\/revisions\/1183"}],"wp:attachment":[{"href":"https:\/\/feromonasanasac.cl\/index.php\/wp-json\/wp\/v2\/media?parent=685"}],"curies":[{"name":"wp","href":"https:\/\/api.w.org\/{rel}","templated":true}]}}